t derivative of x**2/2 + 6*x + 4. Let o be c(-10). Let v = -1 + o. Let h(t) = -t**2 - 5*t + 5. Give h(v).
5
Let x(t) = -t**3 - 6*t**2 - 2*t - 9. Let g be x(-6). Let r(f) be the third derivative of -f**4/8 - f**3/6 + 101*f**2. Calculate r(g).
-10
Suppose 21*q = 6105 - 6021. Let c(m) be the first derivative of m**3/3 - 5*m**2/2 + 5*m + 1. What is c(q)?
1
Let u(d) = -d**3 + 11*d**2 + 11*d + 13. Let i = 139 + -127. Determine u(i).
1
Let y(j) = -36*j + 0*j**3 + 12 - j**3 + 72*j - 47*j + 12*j**2. Determine y(11).
12
Suppose -m = -2*m + 4. Let d(s) = 6*s - 19. Let j be d(4). Suppose j*p - m*p - 6 = 0. Let i(l) = 2*l - 7. Determine i(p).
5
Suppose i - 6 = 1. Let y(j) = j**2 - i + 3 + 10. Determine y(0).
6
Let f(q) be the second derivative of q**6/360 - 3*q**5/40 - q**4/6 + 8*q. Let w(h) be the third derivative of f(h). Calculate w(7).
5
Let r(v) = 7*v - 2. Suppose 0 = 2*g + g + 132. Let o = -42 - g. Determine r(o).
12
Suppose -5*x = 3*v + 13, 4*v + 4*x = -10 - 10. Let k = 21 + -13. Let t(l) = 10*l + 0*l - k*l + 5. What is t(v)?
-7
Let m(j) be the third derivative of -7*j**5/30 + 13*j**4/24 - 3*j**3/2 - 14*j**2. Let r(w) = -5*w**2 + 4*w - 3. Let y(n) = -4*m(n) + 11*r(n). Give y(3).
-12
Let h(x) = -7*x. Let f(w) = 15*w. Let a(s) = 4*f(s) + 7*h(s). Calculate a(1).
11
Let t(l) = 4*l**2 - l + 1. Let o(v) = -2*v**2 - 1. Let h be 6 + (-2 + 0)*10/20. Let f(c) = h*o(c) + 2*t(c). What is f(-2)?
-7
Let r(p) = -5*p**2 + 2*p - 3. Let g(u) = -15*u**2 + 6*u - 8. Let i(d) = -4*g(d) + 11*r(d). Let k = 698 - 696. Calculate i(k).
15
Let z(b) = -b - 2. Suppose 2*k + 3 = -j + 10, -3*k + 6 = -3*j. Let f be z(k). Let x(o) = o**2 + 3*o - 6. Let m be x(f). Let w(u) = 2*u - 4. Determine w(m).
4
Let s(h) = -2*h - h**2 - 7*h**2 - 4 - h**3 + 0*h**2 + 5*h**2. Suppose -3*z = 14 - 5. Calculate s(z).
2
Let g(w) = -51*w - 220. Let y be g(-4). Let k(i) = i**3 + 16*i**2 - 10. What is k(y)?
-10
Let o = 1 + -5. Let p be o*3/24*-2. Let a(l) be the third derivative of -l**4/3 - l**3/6 - 2*l**2 + 23. Give a(p).
-9
Let c(f) = 10*f + 82. Let i be c(-8). Let k be 3 + (1 + -2 - -1). Let v(h) = h**i - 4*h + 7*h + 2 + k*h. Give v(-5).
-3
Let k = 271/111 - 78/37. Let u(h) be the second derivative of -3*h**2 + 0 - k*h**4 - 1/2*h**3 - 9*h + 1/20*h**5. Determine u(5).
4
Let j(o) = o**2. Suppose 5*r = -5*s - 65, -r - 3 = -4. Let c be (s/8 + 2)/((-3)/(-24)). Give j(c).
4
Suppose 3*r = -r - 12. Let w(x) be the second derivative of -x**7/2520 + x**5/120 + 5*x**4/12 + 3*x. Let f(n) be the third derivative of w(n). What is f(r)?
-8
Let b = -15 + 27. Let m be (1 + -5)*(-9)/b. Let i(z) = 4 + z**2 - 3 - 1 + z + 1. Determine i(m).
13
Let r(s) = s**3 + 5*s**2 - 3*s + 3. Let t(p) = 3 + 5*p - 2 - 5*p**2 - 3*p - 3 - p**3. Let z(h) = -3*r(h) - 2*t(h). Determine z(-6).
1
Let p(o) = o. Let y(u) = -3*u + 2. Let i(b) = -2*p(b) - y(b). Suppose -3*m = -4*q - 64, -5*m - 3*q = -3*m - 20. Suppose 5*r = -m - 4. What is i(r)?
-6
Let b(l) = -3*l**3 - 2*l**2 - 3*l + 6. Let n(x) = 10*x**3 + 7*x**2 + 10*x - 19. Let a = -29 - -21. Let u = a - -10. Let q(y) = u*n(y) + 7*b(y). Give q(0).
4
Suppose 0 = 4*j - 5*r + 12, -j = -3*r + 10. Let b = -88 - -91. Suppose -4 = 3*y + v, -j*y - 6*v - 12 = -b*v. Let q(w) = w + 3. Calculate q(y).
3
Let d(t) be the first derivative of -t**3/3 - 9*t**2/2 + 3*t + 49. Determine d(-10).
-7
Let s(n) = -1. Let a(v) = -v - 11. Let z(q) = -a(q) + 3*s(q). Calculate z(-16).
-8
Let o(h) = h - 5. Let w = 42 + 31. Suppose -w = 5*f - 98. Determine o(f).
0
Let q = 32 + -31. Let l(t) = 4. Let r(p) = p + 5. Let u(s) = 4*l(s) - 3*r(s). Determine u(q).
-2
Suppose -4*u + 8*u = -44. Let p be u/2*(0 + -2). Suppose 0 = 2*w + 3*w + 4*z - 15, -3*w - 2*z + p = 0. Let t(r) = -r**3 + 8*r**2 - 8*r + 5. Calculate t(w).
-2
Suppose -s = q, 4*s - 7*q = -3*q + 24. Let l(f) = -2 + 2 - 6 + 2*f + s. What is l(4)?
5
Let j be (-25)/10*(-2 - (-54)/15). Let k(m) be the third derivative of -m**4/24 - 2*m**3/3 - 8*m**2. Determine k(j).
0
Let v(l) be the second derivative of 1/6*l**3 + 0 - 12*l + 5/2*l**2. Determine v(-3).
2
Let i(u) = -u**2 - 4*u + 5. Let x(b) be the second derivative of -b**5/20 + 3*b**4/4 - 2*b**2 - 2*b - 33. Let r = 18 - 9. Let s be x(r). Determine i(s).
5
Let f(r) = r**2 - 102*r + 671. Let q be f(95). Let c(n) = 0*n**2 - 1 + n**2 + 0 - 4*n. Give c(q).
11
Let i(t) be the third derivative of t**8/6720 - t**7/420 + t**6/720 - t**5/40 + 7*t**4/8 - 16*t**2. Let c(w) be the second derivative of i(w). Determine c(5).
-23
Let w(z) = -4*z**2 - z**3 + 0 - 5 + 6*z + 9. Let h(x) be the third derivative of x**6/120 - x**5/12 + x**4/12 + x**3/2 - 2*x**2. Let d be h(4). Give w(d).
-1
Let q(u) be the third derivative of -u**5/60 - 7*u**4/24 + 5*u**3/6 - 5*u**2. Let d(z) = z**3 + 4*z**2 - 4*z - 1. Let k be d(-5). Give q(k).
11
Let q(j) = -4 + 15 + j**3 + 79*j - 6*j**2 + 74*j - 171*j. Calculate q(8).
-5
Suppose -10 = 334*j - 324*j. Let l(z) be the first derivative of -8*z**3/3 + z + 1. Calculate l(j).
-7
Let j be 371/(-49) + (-8)/(-14). Let m(b) = 6*b**2 + 2*b**3 - 7*b - 14*b**2 - 3*b**3. Determine m(j).
0
Let g(l) be the third derivative of l**4/12 - 7*l**3/3 - 37*l**2 + 2*l. Calculate g(10).
6
Let b be (-12)/4 + 6 - -3. Suppose 2*g - 13 = -4*f + 647, f - 165 = g. Let o(n) = -1 + 2*n + 8 - f*n**2 + 6*n + 164*n**2. Give o(b).
19
Let g(x) = x**3 - 5*x**2 - x - 4. Suppose 0 = -2*b + w + 11, 0 = 2*b + w - 4*w - 13. Calculate g(b).
-9
Let c be 7446/(-1224) - 2/(-24). Let h(i) = 4*i + 42. What is h(c)?
18
Let m(z) = -2*z**3 - 24*z**2 + 26*z + 5. Let r be m(-13). Let f(x) = r*x - 2*x - 11 - 4*x. Let y(o) = o**3 + o. Let d be y(0). What is f(d)?
-11
Let n(b) = -5*b**2 + 15*b + 10. Let p(g) = 3*g**2 - 8*g - 5. Suppose -49 = -4*i - 21. Let h(z) = i*p(z) + 4*n(z). What is h(-4)?
5
Let d(n) = -4*n**2 - 2*n + 1. Let o be d(1). Suppose -2*h = -4, 0*h + 2 = -m + 2*h. Let z(y) = 5 + 4*y**m - 3*y - 1 + 22*y**3 - 21*y**3. What is z(o)?
-6
Let t(d) = d**2 + 1. Let l(a) = a**3 - 5*a**2 - 3*a - 8. Let c(s) = -l(s) - 6*t(s). Suppose 3*r - 9 = 2*i + i, -i = r - 5. Let x = -1 - i. Calculate c(x).
0
Let q(b) = 120 + b**3 - 139 - 3*b + 16. Calculate q(2).
-1
Let i(f) = -2*f**3 - 2*f**2 + 2*f - 1. Let k = 239 - 237. Calculate i(k).
-21
Let r be (-1 - 1) + -3 + 2. Let z be (-4)/(11 + r)*6. Let w(v) be the second derivative of v**3/6 - v**2 - v. Give w(z).
-5
Let r be ((-116)/20)/(-1) - 1/(-5). Let h(d) = -d + 5. Determine h(r).
-1
Let u(h) = h**2 - 6*h + 5. Let c be u(6). Suppose 2*g - 9 = -2*l - 1, 16 = 4*g - c*l. Let q(j) = -j**2 + 3*j - 6. Calculate q(g).
-10
Let m(y) = -y**2 + 4. Let v(h) = h**2 - 5*h - 8. Let k be v(7). Calculate m(k).
-32
Let o(k) = 3*k + 3. Let g(b) = -b. Let r(i) = 2*g(i) + o(i). Calculate r(-9).
-6
Suppose -69 = -3*b + 9. Let x(s) = 8*s + 16 - b + 9. Calculate x(-1).
-9
Suppose 8*u + 1 - 1 = 0. Suppose -7*s = -u + 14. Let c(w) = 8*w - 3. Let v(n) = 9*n - 4. Let r(f) = -6*c(f) + 5*v(f). What is r(s)?
4
Let a = 146 - 144. Let n(c) = c**a + 3*c + 0*c**2 - 210 + 209. Give n(-4).
3
Suppose 4*m + 18 = -3*v, 3*m - v = 4*v + 1. Let a(g) = -6*g - 4. What is a(m)?
14
Let c(r) = -2*r**3 - 5*r**3 - r - 4*r**3. Let t be 1/5 + (-96)/80. What is c(t)?
12
Let d be (-12)/4*((-20)/6 + 2). Let q(j) = d + 11 - 26 + 10 - j. Determine q(7).
-8
Let m = 570 + -580. Let k(c) = -c**3 - 10*c**2 - 2*c - 20. Calculate k(m).
0
Let o(b) = b + 8. Let u(l) be the first derivative of l**2/2 - 10*l - 3. Let v be u(4). Determine o(v).
2
Let g(h) = 16*h**3 - h**2 - 2*h - 1. Let j(w) = w - 20. Let x be j(20). Suppose -4*i + 3*i - 1 = x. Give g(i).
-16
Suppose 5*r - 16*r = 33. Let b(j) = -3*j**2 - 7*j - 3. Let k be b(r). Let q(p) = -p**2 - 9*p - 4. Give q(k).
-4
Let s(o) be the third derivative of -o**7/840 + o**6/120 + o**5/120 - o**4/12 - o**3/3 + 11*o**2. Let b(x) be the first derivative of s(x). Give b(3).
1
Let p(n) be the second derivative of -n**4/12 + 5*n**3/6 + 2*n**2 + 3*n - 57. Determine p(6).
-2
Let i(m) = m**2 - m + 1. Let f(y) be the third derivative of y**4/8 + 4*y**3 - 20*y**2. Let v be f(-8). What is i(v)?
1
Let o(i) = 2*i**3 - 133*i**2 + 67*i - 59. Let a be o(66). Let x(q) = q - 22. Determine x(a).
-15
Let h(t) = -t**2 + 9*t + 4. Let u be 0/4 - (-3 + -4). Let z be h(u). Suppose j - 4*j - z = 0. Let m(x) = x**2 + 8*x + 8. Determine m(j).
-4
Suppose 3*t + 64 